units digit of s?
4
Let g be -3 + (2 + -3 - -18). Suppose -2*q + 38 = -g. What is the units digit of q?
6
Suppose 0 = -4*f + f - 9, 4*j + 5*f = 765. What is the hundreds digit of j?
1
Suppose -2*v = -14 + 4. Suppose 0 = 5*m - 0*j - j - 62, -2*m = v*j - 41. Suppose 3*s - m = 5. What is the units digit of s?
6
Let w(v) = -v + 16. What is the tens digit of w(0)?
1
Let z(g) be the second derivative of -g**3/3 + g**2 - g. What is the units digit of z(-3)?
8
Let t be (-2)/5*(-30)/12. Let s(w) = 29*w**3 + w - 1. Let i be s(t). Suppose -4*b = 4*g - 36, -4*b - 4*g + i = -b. What is the units digit of b?
7
What is the units digit of 6/(-27) - (-886)/18?
9
Let w be 4/(-18) + (-65)/(-9). Suppose -4*m + g + 26 = m, -2*g - w = -m. Suppose -5*l + 45 = m*x, -4*x = -5*l + 5 + 13. What is the units digit of l?
6
What is the units digit of 12/3 - 7 - -213?
0
Suppose -4*u = u. Suppose 3*h - 4 - 11 = u. What is the units digit of h?
5
Let x be (3/9)/(1/6). Suppose -26 = 4*c - x*r, 5*c + 2*r + 22 = c. What is the units digit of (c/12)/((-1)/10)?
5
Let m(z) = z**2 - 6*z + 2. Let y be m(6). Let j be y/(1 + 2/(-6)). Suppose 8 = c - j*a + 7*a, -c - 2*a = -6. What is the units digit of c?
4
Suppose -3*q + 540 = -3*x + 6*x, -2*x - 3*q + 358 = 0. What is the tens digit of x?
8
Suppose 5*h + 14 - 60 = -2*z, 0 = -3*h - 6. What is the tens digit of z?
2
Let u be 0 + (2 - 1) - -2. Suppose 0 = u*r + 7 - 4. What is the tens digit of 10/(-3)*3*r?
1
What is the tens digit of 11/(1/(-12)*-3)?
4
Let w = 13 - 64. What is the units digit of w/136 + (-86)/(-16)?
5
Let o be -82*2/(-4) + -2. Let f = -26 + o. What is the tens digit of f?
1
Let v(q) = q + 2. Let l be v(-3). What is the units digit of l*3/2*-6?
9
Suppose 0 = r + 4*g - 39, 7*g = -3*r + 4*g + 90. What is the tens digit of r?
2
Suppose r - 4 - 139 = 0. What is the hundreds digit of r?
1
Let r(s) be the third derivative of -s**6/120 + 7*s**5/60 - s**4/12 + 4*s**3/3 + 5*s**2. What is the units digit of r(6)?
2
Let h(g) = -g**3 + 5*g**2 + 2*g - 4. Let m be (-1 - (-4)/2) + 4. Let a be h(m). Suppose -a = -5*i - f, 0*f = -2*i - 5*f - 16. What is the units digit of i?
2
Let z(q) = -q**3 + 6*q**2 + 2*q - 7. What is the units digit of z(3)?
6
Let w(n) = n**2 + 12*n - 2. Let j be w(-12). What is the units digit of 1*(3 + j)*1?
1
Let p(m) = 38*m**3 + m - 1. Suppose 0 = 4*y - 1 - 3. Let t be p(y). Suppose t = 5*c - 2. What is the units digit of c?
8
Suppose -4*j = 3 - 23. Suppose j*r - 5*d = 25, -2*d - 9 = -2*r - d. Let b = 4 + r. What is the units digit of b?
8
Let h(j) = j - 3. Let f be h(6). Let c(l) = l**3 - 5*l**2 + 5*l - 3. Let k be c(f). What is the units digit of 18/4*(-8)/k?
6
Suppose u - 5*g - 73 = 0, 4*u - 174 = 2*u - 4*g. What is the tens digit of u?
8
Let l(x) = -x. Suppose 17 = -5*p + 47. Let m(c) = -c**3 + 7*c**2 - 9*c + 9. Let i be m(p). What is the units digit of l(i)?
9
Let i be 2*-2*(-5)/4. Suppose -4*x = -5*x + i. Suppose 2*b = x + 3. What is the units digit of b?
4
Let m be (-6)/(-10)*(-1 - -6). Suppose n - 6 = -n. What is the units digit of n*1/m*1?
1
Let j(x) = x**3 - 5*x**2 + 5*x + 6. What is the tens digit of j(5)?
3
Let m = -151 - -218. What is the units digit of m?
7
Suppose 26 = 5*m + 1. Let r = m - 0. Suppose -r*c + 15 = -10. What is the units digit of c?
5
Let j(o) = -o**3 + 4*o**2 - 5*o + 4. Let t be j(3). Let v be 1/2 - (-15)/t. What is the units digit of 6/21 - 54/v?
8
Let y(w) = w**3 + 15*w**2 + 7*w - 16. What is the units digit of y(-14)?
2
Suppose -5*r + 0*r = 5*z - 40, 2*r = -4*z + 26. What is the tens digit of 6/r*7 + -2?
1
Let p be ((-2)/4)/(3/(-60)). Suppose q = 3*r - p, 2*r + 3*q - 5 = 2*q. Suppose 5 = 8*u - r*u. What is the units digit of u?
1
Suppose 5*r - 4*y + 3*y = -186, -3*y + 151 = -4*r. Let s = -23 - r. What is the units digit of s?
4
Suppose -56 = 2*v - 2*y, -4*v + 4*y = -3*v + 43. Let n be v/2 + (-5)/10. Let h = 24 + n. What is the units digit of h?
2
Let b = 797 - 392. What is the hundreds digit of b?
4
What is the units digit of 4/30 - 3549/(-45)?
9
Let v(t) = 2*t**3 - 16*t**2 + 6*t - 10. What is the units digit of v(8)?
8
Suppose -7 = -2*p + 5. What is the units digit of p?
6
Let w = -2 + 2. Let y = w + 5. What is the units digit of y?
5
Suppose 2*g + 312 = 15*g. What is the tens digit of g?
2
Let x = 26 - 6. What is the tens digit of x?
2
Suppose -110*z = -108*z - 550. What is the units digit of z?
5
Let b = 278 + -153. What is the units digit of b?
5
Let j(u) = u**2 - 6*u + 7. Let d be j(6). Suppose 3*n - 5 - d = 0. Suppose 5*x + g - 20 = -n*g, 4*g = 12. What is the units digit of x?
1
Let i = 198 + -123. What is the units digit of i?
5
Suppose -4*s - 4 = -24. Let u(t) = t**3 - 5*t**2 + 3*t - 3. What is the tens digit of u(s)?
1
What is the units digit of (-50)/3*(-15)/10?
5
Let q be 109 - (1 + 1)/2. Suppose -3*p = 2*r - q, -2*p - 4*r = 2*p - 144. What is the tens digit of p?
3
What is the units digit of (12/(-10))/((-12)/270)?
7
Let y = 150 + -32. What is the tens digit of y?
1
Let g be 1/4 - (-66)/(-8). Let n = -3 - g. What is the units digit of n?
5
Let a(v) = -v**3 - v**2 + 5*v - 4. Let d(q) = q**3 + q**2 - 4*q + 4. Let y(x) = -2*a(x) - 3*d(x). What is the units digit of y(-3)?
8
Let w(n) = n**2 + 4. Let h be w(0). Suppose -2*b - 12 = -4*q, q - 21 = -h*q + b. What is the units digit of q?
5
What is the units digit of (-108)/(-21)*(-14)/(-3)?
4
Let r = -76 - -51. Let l = r + 42. Suppose k = 5*p - l, 2*k + p - 31 = -2*p. What is the units digit of k?
8
Let n be 8 + 1 - 1/1. Suppose 0 = -3*i + 2*i + n. Suppose z = 1 + i. What is the units digit of z?
9
Let q(y) = y**3 - y**2 + 4. Let o be q(0). Let c(g) = -g. Let x be c(o). What is the tens digit of 6/4 + (-58)/x?
1
Let r(a) = a**2 + 10*a + 1. Let x be r(-10). Let o be (-25*x)/(-1 - 0). Suppose -p - 2*t = -8, t = -6*p + 2*p + o. What is the units digit of p?
6
Let x be (1 + -1 + 21)/1. Suppose -4*q + x = -q. What is the units digit of q?
7
Suppose -29 = -2*r - 7. Suppose 14*m - r*m = 129. What is the units digit of m?
3
Let t(u) = 23*u - 1. Suppose s - 3 = 0, -2*a - a + 2*s - 3 = 0. What is the tens digit of t(a)?
2
Let a be 3/(-30)*4*-90. Let w(z) = -z**2 + 1. Let k be w(-1). Suppose k*y = 4*y - a. What is the units digit of y?
9
Let q(y) be the second derivative of y**5/20 - y**4/4 + y**3/6 + 2*y**2 + 5*y. What is the units digit of q(3)?
7
Suppose 0 = -r + 14 + 6. What is the units digit of r?
0
Let d be 2/(-5)*(-2 + -3). Let g be (-5*(-18)/15)/2. Suppose 3*a - 24 = -g*q, -d*q - 2*q = -4*a + 8. What is the units digit of q?
3
Let y(f) = f**2 - f. Let i be y(0). Let d(r) be the second derivative of -r**5/20 - r**4/12 + r**3/6 + 6*r**2 + 42*r. What is the tens digit of d(i)?
1
Let p(q) = 6*q - 2*q - 10*q + 1 - 3*q. What is the units digit of p(-2)?
9
Let v = -9 - -4. Let a be 1/(-5) + 24/v. Let k = 3 - a. What is the units digit of k?
8
Let d(s) = 2*s**2 - s. Let y be d(2). Let m(j) = j**2 - 8*j - 6. Let z be m(y). What is the units digit of z/1*(-6)/12?
9
Let p = 3 + -1. Suppose 4*i = 5*f + 70, 3*i - 54 = p*f + f. Let z = i - 9. What is the tens digit of z?
1
Let u(x) = 5*x**3 + 1. Let y be u(2). Suppose 3*t + 0*t - h - y = 0, -t + h = -15. What is the units digit of t?
3
Let y(w) be the third derivative of w**4/12 - w**3/2 + 6*w**2. Let x be 1/(-3) - (-20)/6. What is the units digit of y(x)?
3
Let h = 26 + -13. Suppose -8*j = -9*j + h. What is the tens digit of j?
1
Let f be 4/(-6)*9/(-2). Suppose -2*b - 2 = -f*a - 7*b, -b = -5*a + 50. What is the units digit of a?
9
Suppose 0*z - 5*z = 0. Suppose -32 = -2*p - z*p. What is the units digit of p?
6
What is the tens digit of (0 - 70)*10/(-25)?
2
Suppose 4*b - 8 = 12. What is the units digit of b?
5
Suppose 5*h - 16 = 9. Suppose -2*v = 5*j - 6*v - 129, 9 = j - h*v. What is the tens digit of j?
2
Let a = 47 + -30. What is the units digit of a?
7
Suppose 0 = -2*w - w - 15. Let h be 6/w*(-40)/(-16). What is the tens digit of ((-4)/h)/(1/9)?
1
Let t(c) = 3*c**3 + 4 - 4 - 2*c**3 - 2*c**2 + 3. What is the units digit of t(3)?
2
Let f = 1 - -1. Suppose -2*r - k - 3 = 0, 5*k + 7 = f*r - 8. Suppose 0 = -r*m + 3*m - 51. What is the units digit of m?
7
Let m be (-10)/(-4) - 1/2. Suppose 0 = 4*t + 2*r - 20, -t + 13 = m*t + 2*r. Suppose 4*n - t - 1 = 0. What is the units digit of n?
2
Let q